+ 14 = 0. Calculate the remainder when 38 is divided by f.
10
Let q = -19 - -36. What is the remainder when q is divided by 7?
3
Let k(t) = 2*t**2 - 9*t + 26. Calculate the remainder when k(7) is divided by 9.
7
Let o = -5 - -8. Suppose -o*k - 1 = 2. Calculate the remainder when 34 is divided by (-2 - k)*(-12 + 0).
10
Let f(t) = -t + 14. What is the remainder when f(-8) is divided by 6?
4
Let t = -150 - -276. Calculate the remainder when t is divided by 16.
14
Suppose z = 4, -4*i - 5*z - 19 = -59. Suppose -5*q - 3*l - 58 = -280, -2*q + i*l + 64 = 0. What is the remainder when q is divided by 11?
9
Let l(n) = -n**3 - 4*n**2 - 11*n - 13. Calculate the remainder when l(-5) is divided by 34.
33
Let j(d) = 14*d - 3. Suppose -3*k = 4*u + 6 - 82, 2*u = -4. Calculate the remainder when j(6) is divided by k.
25
Suppose 21*o = 23*o - 70. Calculate the remainder when o is divided by 12.
11
Suppose -12*t + 86 = -190. Let k(p) = -p**2 + p + 12. Calculate the remainder when t is divided by k(0).
11
Suppose 2*t = m + 73, -2*t + 91 = -0*t + 5*m. What is the remainder when t is divided by 26/(-4)*(-1 - 1)?
12
Suppose 7*n + 6*n = 143. Calculate the remainder when 15 is divided by n.
4
Let t = 13 - 10. Calculate the remainder when 1 is divided by t/1 + 6/(-3).
0
Suppose -29 = -3*l + 16. Suppose 0*h + 132 = 3*h. Calculate the remainder when h is divided by l.
14
Suppose 5*r - 5 = 4*r + s, -3*s = 3*r + 9. Suppose r = 5*h + 16. What is the remainder when 11 is divided by (1/h)/((-1)/12)?
3
Let u(g) = 3*g + 12. What is the remainder when 70 is divided by u(2)?
16
Let t(b) = -b - 1. Suppose q = -4*y + 52, -5*y = -0*q + 4*q - 76. Calculate the remainder when y is divided by t(-8).
5
Suppose 2*a + 3*m = 4*m + 292, -5*a + 2*m = -730. What is the remainder when a is divided by 37?
35
Suppose 11*b - 16*b = -60. What is the remainder when b is divided by 5?
2
Let v(b) = b**2 - 4*b - 8. Calculate the remainder when 119 is divided by v(-4).
23
Let u = -72 - -151. Calculate the remainder when (3 - (4 + -3)) + u is divided by 28.
25
Let h = -46 - -70. Let o(d) = 3*d**3 - 1 - 2*d**2 - d + 11*d**3 + 3*d. What is the remainder when h is divided by o(1)?
11
Suppose -2*j - 15 = -2*l + 7, j + 15 = 2*l. What is the remainder when (j + -9)/(2*-1) is divided by 3?
2
Calculate the remainder when (0 + 15 + 3)*136/12 is divided by 41.
40
Let q = 374 + -312. Suppose -2*n + 2*a = -a - 18, -2*a = 4*n - 36. Let v = 30 - n. Calculate the remainder when q is divided by v.
20
Suppose -2*g - 8 = 2*g + 4*n, -8 = -4*g + 4*n. Suppose 8 = z - g*z. Calculate the remainder when 31 is divided by z.
7
Let c(d) = -d**2 + 16*d + 17. Calculate the remainder when c(13) is divided by -2 + 4/1 - -27.
27
Suppose 2*z = 58 + 6. What is the remainder when z is divided by 16?
0
What is the remainder when 84 is divided by (145/10)/((-2)/(-4))?
26
Let l = -2 + 2. Suppose l = -5*f + 37 + 13. Suppose b - f = 1. What is the remainder when b is divided by 4?
3
Suppose l = -2*l + 27. Let c(z) = z**3 - 11*z**2 + 14*z - 6. What is the remainder when c(10) is divided by l?
7
Suppose 0 = -3*n + 2*t - 7*t + 41, 3*n - t = 17. What is the remainder when 26 is divided by n?
5
Suppose 4*j + 10 = 9*j. Let h(n) = 9*n - 2. Calculate the remainder when 30 is divided by h(j).
14
Suppose 9*s - 292 = -22. What is the remainder when 118 is divided by s?
28
Let w(l) = -5*l - 17. Calculate the remainder when w(-8) is divided by 15.
8
Let x(w) = 13*w**2 - 4*w + 2. Let t be 21 + 0/(-3) + -3. Suppose 0 = 4*b + 2*k - t, -4*b - 3 = -2*k - 1. What is the remainder when x(b) is divided by 24?
22
What is the remainder when (-221)/(-17) - -1*1 is divided by 5?
4
Suppose -4*w - 72 - 20 = 0. Let x = w + 86. What is the remainder when x/2 - (-1)/(-2) is divided by 11?
9
Suppose 0 = 3*c - 3*z - 138, 0*z - 5*z - 101 = -2*c. What is the remainder when c is divided by 23?
20
Let b = 2 - 1. Let c = 18 + -9. Calculate the remainder when c is divided by -1 + b - (-11 - -8).
0
Suppose 0 = -d + 5 - 0. Let n(x) = -x**2 + 6*x + 7. What is the remainder when 21 is divided by n(d)?
9
Suppose -2*o = -5*o + 18. Calculate the remainder when 25 is divided by (-28)/(-6)*(-3 + o).
11
Let y(w) = w**3 - 7*w**2 + 5*w + 8. Let f be y(6). Suppose -f*g - 6 + 50 = 0. What is the remainder when g is divided by 6?
4
Let a = -3 + 6. Suppose 4*z - 28 = -2*v + 12, a*z = -3*v + 51. What is the remainder when 17 is divided by ((-12)/v)/((-2)/14)?
5
Let b = 29 - 24. Let z = 4 + -2. Calculate the remainder when b is divided by z.
1
Let x = 4 + -1. Suppose 2*o - 4*z - 134 = 0, x*o + z - 161 = -z. Calculate the remainder when o is divided by 15.
12
Calculate the remainder when 96 is divided by 3/7 - (-3648)/112.
30
Let g(k) = k**2 - 2*k - 3. Let b be g(-3). Suppose 5*a = 52 - b. Calculate the remainder when 2 is divided by (-4)/a - 6/(-4).
0
Suppose -5*c = -0*c - 20. Calculate the remainder when 3 - 0 - -2 - -2 is divided by c.
3
Let l = 4 - -1. Suppose -l*u = -2*u - 117. Calculate the remainder when u is divided by 20.
19
Suppose -z + 2 + 8 = 0. Suppose 2*s - z = 8. What is the remainder when 24 is divided by s?
6
Suppose -6*p = -2*p - 84. Let y(q) = q**3 + 11*q**2 - 27*q - 7. Calculate the remainder when p is divided by y(-13).
3
What is the remainder when 8*5*(-4)/(-8) is divided by 8?
4
Suppose -5*s = 3*k - 121, s + 88 = 2*k + 16. What is the remainder when k is divided by 22?
15
Suppose 10*f = 15*f - 780. Calculate the remainder when f is divided by 20.
16
Let b(l) = -l + 10. What is the remainder when 13 is divided by b(0)?
3
Let b = 15 + -6. Let p = b - -5. Let f = p + 0. What is the remainder when f is divided by 8?
6
Suppose -10 = 3*s - 5*s. Suppose 7*p = w + 2*p - 439, -s*w + 2221 = p. What is the remainder when 6/(-15) - w/(-10) is divided by 15?
14
Calculate the remainder when 68 is divided by (-112)/(-6) + (2 - (-8)/(-3)).
14
Suppose -3*z + 90 - 21 = 0. Let s be (-1)/(4/8 + 0). Calculate the remainder when 12/4 + s - -66 is divided by z.
21
Let i be (-6)/9 - (-149)/3. Suppose x - 10 = d, -4*x - 30 = 3*d - 3*x. Let u = d + i. What is the remainder when u is divided by 20?
19
Let d = 0 + 5. Suppose -7 = -3*q + d. Calculate the remainder when 19 is divided by q.
3
Let a = 29 + -18. What is the remainder when (-5)/(-10) - (-74)/4 is divided by a?
8
Let m = -46 - -82. What is the remainder when 104 is divided by m?
32
Let r(h) = 31*h**2 + 2*h - 3. Let q be r(2). Calculate the remainder when ((-12)/10)/((-10)/q) is divided by 8.
7
Let j be (-1)/(-4) + 1/(-4). Suppose 10*l - 7*l - 81 = 0. Suppose j = -o - 0*o + l. Calculate the remainder when o is divided by 14.
13
Suppose -o = -2*r - 15 + 3, 0 = -r - 1. Suppose -5*c - 14 = 3*b, 0*b + c = 3*b - 10. Suppose b*g = g + 28. What is the remainder when g is divided by o?
8
Let v(o) = o - 4. Let n(i) be the second derivative of i**4/12 + i**3/6 + 5*i**2/2 + 2*i. Calculate the remainder when n(-5) is divided by v(13).
7
Calculate the remainder when 49 is divided by (-1)/3 - 572/(-33).
15
Let o be -1 - ((-57)/(-1))/(-3). Suppose -3*k = -k - o. What is the remainder when 24 is divided by k?
6
Suppose 4*q - 36 - 32 = 0. Let z = 47 - q. What is the remainder when z is divided by 11?
8
Suppose -6*z + 8 = -5*z. Calculate the remainder when z/((-2)/(4*-1)) is divided by 6.
4
Let p(x) be the third derivative of -x**4/24 - x**3/3 + 2*x**2. Calculate the remainder when 13 is divided by p(-7).
3
Let k = 10 - 6. What is the remainder when (-110)/(-7) + 4/14 is divided by (k - 3)*(-18)/(-2)?
7
Let s = -44 - -89. Suppose 2*z - s = -15. Calculate the remainder when 57 is divided by z.
12
Suppose -1 = -2*k + 3. Suppose 5*x = 15, -5*q + 1 = -5*x - 4. Suppose -s = -2*b + 30, 0 = -q*b + s - k*s + 72. What is the remainder when 32 is divided by b?
15
Suppose -4*s + 194 + 52 = 3*r, -4*s + 4*r + 260 = 0. Suppose -2*a + s = a. Let h = a + -10. Calculate the remainder when 42 is divided by h.
9
Let i be (-4)/10*(1 + 4). Let t(a) = 4*a + 1. Calculate the remainder when t(1) is divided by 0 + (i - -2) - -3.
2
What is the remainder when (-4)/(-6)*(-1485)/(-22) is divided by 20?
5
Let p be (-6)/4 - (-7)/14. Let f(o) be the second derivative of -7*o**5/10 + o**4/6 + o**3/3 + o**2/2 - o. What is the remainder when 43 is divided by f(p)?
13
Let x(v) = 14*v + 4. Calc